vided by 888.
83
Calculate the remainder when 106283 is divided by 29.
27
Calculate the remainder when 151065 is divided by 87.
33
Calculate the remainder when 2908 is divided by 245.
213
Calculate the remainder when 30616 is divided by 510.
16
Calculate the remainder when 4036 is divided by 534.
298
Calculate the remainder when 697507 is divided by 284.
3
What is the remainder when 71621 is divided by 56?
53
What is the remainder when 6737067 is divided by 5?
2
Calculate the remainder when 737 is divided by 262.
213
Calculate the remainder when 624459 is divided by 597.
594
What is the remainder when 163670 is divided by 27275?
20
Calculate the remainder when 39571 is divided by 51.
46
What is the remainder when 21644 is divided by 21622?
22
What is the remainder when 35157 is divided by 7029?
12
Calculate the remainder when 18835 is divided by 18819.
16
What is the remainder when 60932 is divided by 62?
48
What is the remainder when 3541 is divided by 354?
1
What is the remainder when 29057 is divided by 167?
166
Calculate the remainder when 70482 is divided by 766.
10
What is the remainder when 33224 is divided by 2202?
194
Calculate the remainder when 13961 is divided by 349.
1
What is the remainder when 187678 is divided by 15?
13
Calculate the remainder when 2738 is divided by 85.
18
Calculate the remainder when 36073 is divided by 176.
169
What is the remainder when 4784 is divided by 51?
41
Calculate the remainder when 2649659 is divided by 25977.
5
Calculate the remainder when 3945 is divided by 1952.
41
What is the remainder when 4454 is divided by 260?
34
Calculate the remainder when 59717 is divided by 91.
21
What is the remainder when 13145 is divided by 10?
5
Calculate the remainder when 24327 is divided by 29.
25
What is the remainder when 17757 is divided by 934?
11
Calculate the remainder when 72330 is divided by 479.
1
Calculate the remainder when 16413 is divided by 8151.
111
What is the remainder when 7323 is divided by 348?
15
What is the remainder when 2499 is divided by 280?
259
What is the remainder when 4363 is divided by 435?
13
What is the remainder when 249817 is divided by 27756?
13
What is the remainder when 16247 is divided by 13?
10
Calculate the remainder when 86195 is divided by 14.
11
Calculate the remainder when 4295 is divided by 849.
50
What is the remainder when 5396 is divided by 106?
96
What is the remainder when 16215 is divided by 496?
343
What is the remainder when 7113 is divided by 61?
37
What is the remainder when 64214 is divided by 21401?
11
Calculate the remainder when 39653 is divided by 19816.
21
What is the remainder when 10956 is divided by 371?
197
Calculate the remainder when 20836 is divided by 6941.
13
What is the remainder when 35875 is divided by 35869?
6
Calculate the remainder when 1437 is divided by 24.
21
What is the remainder when 3487 is divided by 14?
1
What is the remainder when 3327399 is divided by 29?
26
Calculate the remainder when 7900 is divided by 941.
372
Calculate the remainder when 2575648 is divided by 33.
31
Calculate the remainder when 804051 is divided by 37.
4
Calculate the remainder when 123673 is divided by 7273.
32
Calculate the remainder when 694141 is divided by 63.
7
What is the remainder when 136846 is divided by 362?
10
What is the remainder when 8581 is divided by 8574?
7
Calculate the remainder when 3864 is divided by 121.
113
What is the remainder when 3227 is divided by 57?
35
Calculate the remainder when 21933 is divided by 510.
3
What is the remainder when 377113 is divided by 377097?
16
Calculate the remainder when 2414 is divided by 357.
272
What is the remainder when 2126 is divided by 805?
516
Calculate the remainder when 200730 is divided by 396.
354
Calculate the remainder when 10154 is divided by 266.
46
Calculate the remainder when 1095 is divided by 438.
219
What is the remainder when 128751 is divided by 42917?
0
Calculate the remainder when 2163 is divided by 570.
453
What is the remainder when 41824 is divided by 20744?
336
What is the remainder when 5709 is divided by 1893?
30
What is the remainder when 761 is divided by 71?
51
Calculate the remainder when 64868 is divided by 21483.
419
Calculate the remainder when 44602 is divided by 32.
26
What is the remainder when 11042 is divided by 409?
408
Calculate the remainder when 938714 is divided by 234676.
10
What is the remainder when 2181 is divided by 181?
9
Calculate the remainder when 676043 is divided by 73.
63
Calculate the remainder when 6396 is divided by 6.
0
What is the remainder when 2219 is divided by 526?
115
Calculate the remainder when 284596 is divided by 123.
97
Calculate the remainder when 965 is divided by 460.
45
Calculate the remainder when 433492 is divided by 18.
16
Calculate the remainder when 1863 is divided by 1849.
14
Calculate the remainder when 877 is divided by 523.
354
What is the remainder when 39982 is divided by 14?
12
Calculate the remainder when 128695 is divided by 43.
39
What is the remainder when 46329 is divided by 205?
204
What is the remainder when 3120 is divided by 49?
33
What is the remainder when 2492 is divided by 2396?
96
What is the remainder when 4713 is divided by 6?
3
What is the remainder when 38578 is divided by 48?
34
What is the remainder when 482914 is divided by 241445?
24
Calculate the remainder when 37341 is divided by 37325.
16
Calculate the remainder when 48280 is divided by 145.
140
Calculate the remainder when 105604 is divided by 26375.
104
Calculate the remainder when 8576 is divided by 1638.
386
Calculate the remainder when 156616 is divided by 1.
0
Calculate the remainder when 1674384 is divided by 1393.
1391
Calculate the remainder when 1477438 is divided by 114.
112
Calculate the remainder when 18691 is divided by 18.
7
Calculate the remainder when 9903 is divided by 451.
432
Calculate the remainder when 18429 is divided by 543.
510
Calculate the remainder when 2804 is divided by 341.
76
Calculate the remainder when 140115 is divided by 325.
40
What is the remainder when 800 is divided by 784?
16
Calculate the remainder when 285542 is divided by 56.
54
Calculate the remainder when 3576 is divided by 253.
34
What is the remainder when 10224 is divided by 170?
24
What is the remainder when 157701 is divided by 3942?
21
What is the remainder when 356301 is divided by 998?
15
Calculate the remainder when 6170 is divided by 19.
14
What is the remainder when 6522 is divided by 227?
166
What is the remainder when 55771 is divided by 6967?
35
What is the remainder when 148 is divided by 59?
30
What is the remainder when 17677 is divided by 131?
123
What is the remainder when 4308 is divided by 43?
8
Calculate the remainder when 14854 is divided by 14836.
18
What is the remainder when 2059 is divided by 295?
289
What is the remainder when 269756 is divided by 7?
4
Calculate the remainder when 15534 is divided by 444.
438
Calculate the remainder when 2130027 is divided by 945.
942
What is the remainder when 4890 is divided by 22?
6
Calculate the remainder when 56027 is divided by 263.
8
Calculate the remainder when 3927 is divided by 487.
31
Calculate the remainder when 9902 is divided by 144.
110
What is the remainder when 54271 is divided by 95?
26
What is the remainder when 7116 is divided by 46?
32
Calculate the remainder when 211 is divided by 152.
59
What is the remainder when 156460 is divided by 31288?
20
Calculate the remainder when 2571 is divided by 65.
36
Calculate the remainder when 15274 is divided by 3596.
890
What is the remainder when 683433 is divided by 105?
93
What is the remainder when 12948 is divided by 12791?
157
What is the remainder when 13547 is divided by 99?
83
What is the remainder when 42846 is divided by 516?
18
What is the remainder when 22241 is divided by 134?
131
Calculate the remainder when 28088 is divided by 5.
3
Calculate the remainder when 13733 is divided by 2739.
38
What is the remainder when 535 is divided by 484?
51
What is the remainder when 3208 is divided by 119?
114
What is the remainder when 24496 is divided by 982?
928
What is the remainder when 375 is divided by 89?
19
What is the remainder when 148311 is divided by 37?
15
Calculate the remainder when 3706 is divided by 32